{"id":3405,"date":"2023-11-09T20:51:29","date_gmt":"2023-11-09T19:51:29","guid":{"rendered":"http:\/\/foyerruralfayencetourrettes.org\/?page_id=3405"},"modified":"2025-07-30T20:32:02","modified_gmt":"2025-07-30T18:32:02","slug":"anglais-debutants-adultes","status":"publish","type":"page","link":"http:\/\/foyerruralfayencetourrettes.org\/index.php\/activites\/langue\/anglais-debutants-adultes\/","title":{"rendered":"ANGLAIS"},"content":{"rendered":"\n<div class=\"wp-block-media-text alignwide is-stacked-on-mobile\"><figure class=\"wp-block-media-text__media\"><img decoding=\"async\" loading=\"lazy\" width=\"1024\" height=\"562\" src=\"http:\/\/foyerruralfayencetourrettes.org\/wp-content\/uploads\/2024\/08\/drapeau-anglais-1024x562.jpeg\" alt=\"\" class=\"wp-image-3985 size-full\" srcset=\"http:\/\/foyerruralfayencetourrettes.org\/wp-content\/uploads\/2024\/08\/drapeau-anglais-1024x562.jpeg 1024w, http:\/\/foyerruralfayencetourrettes.org\/wp-content\/uploads\/2024\/08\/drapeau-anglais-300x165.jpeg 300w, http:\/\/foyerruralfayencetourrettes.org\/wp-content\/uploads\/2024\/08\/drapeau-anglais-768x421.jpeg 768w, http:\/\/foyerruralfayencetourrettes.org\/wp-content\/uploads\/2024\/08\/drapeau-anglais-1536x843.jpeg 1536w, http:\/\/foyerruralfayencetourrettes.org\/wp-content\/uploads\/2024\/08\/drapeau-anglais.jpeg 1946w\" sizes=\"(max-width: 1024px) 100vw, 1024px\" \/><\/figure><div class=\"wp-block-media-text__content\">\n<p class=\"has-vivid-red-color has-text-color\" style=\"font-size:28px\"><strong>D\u00e9butants<\/strong><\/p>\n\n\n\n<p class=\"has-vivid-red-color has-text-color\" style=\"font-size:28px\"><strong>Conversation  interm\u00e9diaires\/avanc\u00e9s<\/strong><\/p>\n<\/div><\/div>\n\n\n\n<p><strong>Initiation, d\u00e9couverte, vocabulaire .<\/strong><\/p>\n\n\n\n<ul style=\"font-size:24px\">\n<li><mark style=\"background-color:rgba(0, 0, 0, 0)\" class=\"has-inline-color has-vivid-cyan-blue-color\"><strong>ANGLAIS <\/strong><\/mark>&#8211; <mark style=\"background-color:rgba(0, 0, 0, 0)\" class=\"has-inline-color has-luminous-vivid-amber-color\"><strong>Ancien Coll\u00e8ge<\/strong><\/mark> <mark style=\"background-color:rgba(0, 0, 0, 0)\" class=\"has-inline-color has-luminous-vivid-amber-color\"><strong>Fayence<\/strong><\/mark><\/li>\n<\/ul>\n\n\n\n<p class=\"has-medium-font-size\"><strong>Le Mardi de 8h30 \u00e0 9h30  &#8211;  Osez les \u00e9changes &#8211; 10 personnes maxi<\/strong><\/p>\n\n\n\n<p class=\"has-medium-font-size\"><strong>Le Mardi de 17h15 \u00e0 19h15 &#8211; D\u00e9butants<\/strong> &#8211; <strong>10 personnes maxi<\/strong><\/p>\n\n\n\n<p class=\"has-medium-font-size\"><strong>Le Mardi de 18h30 \u00e0 19h30 &#8211; Conversation<\/strong> &#8211; <strong>10 personnes maxi<\/strong><\/p>\n\n\n\n<p class=\"has-medium-font-size\">\u21d2<span style=\"color:#41a300\" class=\"has-inline-color\"><strong> Sophie DAVIES :<\/strong><\/span> <strong>06 30 04 16 69<\/strong><\/p>\n\n\n\n<h4 class=\"wp-block-heading has-black-color has-text-color\"><strong>Tarif&nbsp;: 150<sup>\u20ac <\/sup>\/an + 30\u20ac adh\u00e9sion<\/strong><\/h4>\n","protected":false},"excerpt":{"rendered":"<p>D\u00e9butants Conversation interm\u00e9diaires\/avanc\u00e9s Initiation, d\u00e9couverte, vocabulaire . Le Mardi de 8h30 \u00e0 9h30 &#8211; Osez les \u00e9changes &#8211; 10 personnes maxi Le Mardi de 17h15 \u00e0 19h15 &#8211; D\u00e9butants &#8211; 10 personnes maxi Le Mardi de 18h30 \u00e0 19h30 &#8211; Conversation &#8211; 10 personnes maxi \u21d2 Sophie DAVIES : 06 30 04 16 69 Tarif&nbsp;:&hellip; <a href=\"http:\/\/foyerruralfayencetourrettes.org\/index.php\/activites\/langue\/anglais-debutants-adultes\/\" class=\"more-link\">Lire la suite <span class=\"screen-reader-text\">ANGLAIS<\/span><\/a><\/p>\n","protected":false},"author":1,"featured_media":0,"parent":94,"menu_order":0,"comment_status":"closed","ping_status":"closed","template":"","meta":[],"_links":{"self":[{"href":"http:\/\/foyerruralfayencetourrettes.org\/index.php\/wp-json\/wp\/v2\/pages\/3405"}],"collection":[{"href":"http:\/\/foyerruralfayencetourrettes.org\/index.php\/wp-json\/wp\/v2\/pages"}],"about":[{"href":"http:\/\/foyerruralfayencetourrettes.org\/index.php\/wp-json\/wp\/v2\/types\/page"}],"author":[{"embeddable":true,"href":"http:\/\/foyerruralfayencetourrettes.org\/index.php\/wp-json\/wp\/v2\/users\/1"}],"replies":[{"embeddable":true,"href":"http:\/\/foyerruralfayencetourrettes.org\/index.php\/wp-json\/wp\/v2\/comments?post=3405"}],"version-history":[{"count":5,"href":"http:\/\/foyerruralfayencetourrettes.org\/index.php\/wp-json\/wp\/v2\/pages\/3405\/revisions"}],"predecessor-version":[{"id":4485,"href":"http:\/\/foyerruralfayencetourrettes.org\/index.php\/wp-json\/wp\/v2\/pages\/3405\/revisions\/4485"}],"up":[{"embeddable":true,"href":"http:\/\/foyerruralfayencetourrettes.org\/index.php\/wp-json\/wp\/v2\/pages\/94"}],"wp:attachment":[{"href":"http:\/\/foyerruralfayencetourrettes.org\/index.php\/wp-json\/wp\/v2\/media?parent=3405"}],"curies":[{"name":"wp","href":"https:\/\/api.w.org\/{rel}","templated":true}]}}